{"id":44,"date":"2024-04-22T04:45:16","date_gmt":"2024-04-22T04:45:16","guid":{"rendered":"https:\/\/nomini.bet\/?page_id=44"},"modified":"2024-06-11T09:55:12","modified_gmt":"2024-06-11T09:55:12","slug":"slots","status":"publish","type":"page","link":"https:\/\/nomini.bet\/?page_id=44","title":{"rendered":"Odkryj \u015awiat Slot\u00f3w w Nomini Casino: Przegl\u0105d Oferty i Bonus\u00f3w"},"content":{"rendered":"\n<p>Zanurzmy si\u0119 w \u015bwiecie Nomini Casino, miejsca, kt\u00f3re przyci\u0105ga graczy swoj\u0105 imponuj\u0105c\u0105 ofert\u0105. Z ponad 4500 r\u00f3\u017cnymi grami do wyboru, ka\u017cdy gracz na pewno znajdzie co\u015b dla siebie. Od staro\u017cytnych klasyk\u00f3w po nowoczesne sloty, Nomini Casino oferuje niesamowite do\u015bwiadczenia dla ka\u017cdego mi\u0142o\u015bnika gier.<\/p>\n\n\n\n<p>Nomini Casino to prawdziwe eldorado dla fan\u00f3w automat\u00f3w do gier. Z tak ogromnym wyborem, serce ka\u017cdego fana slot\u00f3w z pewno\u015bci\u0105 zacznie bi\u0107 szybciej. Ale to nie wszystko &#8211; Nomini Casino oferuje nie tylko gry od najwi\u0119kszych deweloper\u00f3w, ale r\u00f3wnie\u017c od wielu innych, czasami mniej znanych tw\u00f3rc\u00f3w.<\/p>\n\n\n\n<p>Wi\u0119c, czy jeste\u015b zapalonym graczem, czy po prostu szukasz nowego miejsca do gry, Nomini Casino jest warte uwagi. Przygotuj si\u0119 na podr\u00f3\u017c pe\u0142n\u0105 emocji i wielkich wygranych. Czy jeste\u015b gotowy na to wyzwanie?<\/p>\n\n\n\n<h2 class=\"wp-block-heading\">Wyb\u00f3r slot\u00f3w<\/h2>\n\n\n\n<p>W Nomini Casino oferujemy rozbudowany repertuar slot\u00f3w, obejmuj\u0105cy ponad 4500 r\u00f3\u017cnych gier. Pragniemy zapewni\u0107, \u017ce ka\u017cdy gracz, niezale\u017cnie od swojego gustu, znajdzie tutaj co\u015b dla siebie. Ogromn\u0105 zalet\u0105 naszego kasyna jest nie tylko sama ilo\u015b\u0107 dost\u0119pnych gier, ale tak\u017ce ich r\u00f3\u017cnorodno\u015b\u0107 &#8211; na ofert\u0119 sk\u0142adaj\u0105 si\u0119 zar\u00f3wno hity od najwi\u0119kszych deweloper\u00f3w, jak i mniej znane, ale r\u00f3wnie fascynuj\u0105ce sloty od ma\u0142ych, niezale\u017cnych studi\u00f3w.<\/p>\n\n\n\n<h3 class=\"wp-block-heading\">Wyj\u0105tkowe Sloty<\/h3>\n\n\n\n<p>Niestety, nie oferujemy slot\u00f3w ekskluzywnych. Jednak nie oznacza to braku wyboru! Dla mi\u0142o\u015bnik\u00f3w tematyzowanych gier mamy wiele slot\u00f3w owocowych, takich jak Fruit Bonanza, Fruit Basket, Magic Fruits 81, Jumping Fruits i wiele innych. Te gry, wprowadzaj\u0105ce klimat typowej gry kasynowej, z pewno\u015bci\u0105 dostarcz\u0105 wiele emocji i rozrywki!<\/p>\n\n\n\n<h3 class=\"wp-block-heading\">Najpopularniejsze Sloty w NOMINI<\/h3>\n\n\n\n<p>Spo\u015br\u00f3d mnogo\u015bci tytu\u0142\u00f3w dost\u0119pnych w ofercie Nomini, wiele gier zas\u0142uguje na wyr\u00f3\u017cnienie. Prezentujemy 10 najpopularniejszych slot\u00f3w, kt\u00f3re zdoby\u0142y uznanie naszych graczy:<\/p>\n\n\n\n<ul class=\"wp-block-list\">\n<li>Bonanza<\/li>\n\n\n\n<li>Queen of Fire<\/li>\n\n\n\n<li>Wolf Gold<\/li>\n\n\n\n<li>Book of Merlin<\/li>\n\n\n\n<li>Majestic Megaways<\/li>\n\n\n\n<li>Ice Joker<\/li>\n\n\n\n<li>Legacy of the Wild 2<\/li>\n\n\n\n<li>Fruit Zen<\/li>\n\n\n\n<li>Book of Dead<\/li>\n\n\n\n<li>Dragons Luck Deluxe<\/li>\n<\/ul>\n\n\n\n<h2 class=\"wp-block-heading\">Bonusy NOMINI<\/h2>\n\n\n\n<p>Nomini Casino ma rozbudowan\u0105 ofert\u0119 bonusow\u0105, kt\u00f3ra dodaje ekscytacji do do\u015bwiadczenia w grach slotowych. Szczeg\u00f3\u0142y dotycz\u0105ce r\u00f3\u017cnych bonus\u00f3w zosta\u0142y om\u00f3wione poni\u017cej.<\/p>\n\n\n\n<h3 class=\"wp-block-heading\">Oferty darmowych spin\u00f3w<\/h3>\n\n\n\n<p>Nomini Casino oferuje atrakcyjne oferty darmowych spin\u00f3w, z kt\u00f3rych gracze mog\u0105 korzysta\u0107. Przyk\u0142adowo, bonus powitalny Nomini zawiera 100 darmowych spin\u00f3w. Jak wiemy, darmowe spiny daj\u0105 graczom mo\u017cliwo\u015b\u0107 wypr\u00f3bowania r\u00f3\u017cnych slot\u00f3w bez ryzyka utraty w\u0142asnych \u015brodk\u00f3w. Wymagane obroty dla darmowych spin\u00f3w wynosz\u0105 40x. Pami\u0119taj jednak, \u017ce nie wszystkie sloty mog\u0105 by\u0107 obj\u0119te t\u0105 promocj\u0105, zawsze skonsultuj warunki na stronie kasyna.<\/p>\n\n\n\n<h3 class=\"wp-block-heading\">Brak Bonusu Bez Depozytu<\/h3>\n\n\n\n<p>Wszystkie bonusy w Nomini wymagaj\u0105 wp\u0142aty, co oznacza, \u017ce obecnie nie oferuj\u0105 bonusu bez depozytu. Jest to wa\u017cne do zapami\u0119tania dla graczy, kt\u00f3rzy szukaj\u0105 takiego bonusu.<\/p>\n\n\n\n<h3 class=\"wp-block-heading\">Promocje i Turnieje Slotowe<\/h3>\n\n\n\n<p>Nomini Casino regularnie oferuje promocje i turnieje slotowe, kt\u00f3r\u0105 zwi\u0119kszaj\u0105 ekscytacj\u0119 z gry. Przyk\u0142adowa oferta obejmuje bonus od depozytu 100% do 500 \u20ac z dodatkowym bonusem 100 darmowych spin\u00f3w. Istniej\u0105 r\u00f3wnie\u017c inne promocje, takie jak bonus cashback 10% do maksymalnej kwoty 200 \u20ac. Oczywi\u015bcie, wszystkie te oferty maj\u0105 swoje wymagania dotycz\u0105ce obrotu i inne warunki, kt\u00f3re gracze musz\u0105 spe\u0142ni\u0107, aby m\u00f3c skorzysta\u0107 z nich.<\/p>\n\n\n\n<p>Ko\u0144cz\u0105c, Nomini Casino ma wiele do zaoferowania dla graczy slot\u00f3w, zar\u00f3wno pod wzgl\u0119dem liczby gier, jak i oferowanych bonus\u00f3w. Doskonale rozumiej\u0105, co gracze szukaj\u0105 i staraj\u0105 si\u0119 dostarczy\u0107 najatrakcyjniejsze oferty. Pami\u0119taj jednak, aby zawsze zapozna\u0107 si\u0119 z warunkami oferty przed skorzystaniem z niej.<\/p>\n\n\n\n<div class=\"wp-block-stackable-image stk-block-image stk-block stk-c9791f0\" data-block-id=\"c9791f0\"><figure><span class=\"stk-img-wrapper stk-image--shape-stretch\"><img loading=\"lazy\" decoding=\"async\" class=\"stk-img wp-image-224\" src=\"https:\/\/nomini.bet\/wp-content\/uploads\/2024\/06\/pikaso_texttoimage_3d-model-Casino-SLots-figure-octane-render-volumet-1.jpeg\" width=\"1216\" height=\"832\" srcset=\"https:\/\/nomini.bet\/wp-content\/uploads\/2024\/06\/pikaso_texttoimage_3d-model-Casino-SLots-figure-octane-render-volumet-1.jpeg 1216w, https:\/\/nomini.bet\/wp-content\/uploads\/2024\/06\/pikaso_texttoimage_3d-model-Casino-SLots-figure-octane-render-volumet-1-300x205.jpeg 300w, https:\/\/nomini.bet\/wp-content\/uploads\/2024\/06\/pikaso_texttoimage_3d-model-Casino-SLots-figure-octane-render-volumet-1-1024x701.jpeg 1024w, https:\/\/nomini.bet\/wp-content\/uploads\/2024\/06\/pikaso_texttoimage_3d-model-Casino-SLots-figure-octane-render-volumet-1-768x525.jpeg 768w\" sizes=\"auto, (max-width: 1216px) 100vw, 1216px\" \/><\/span><\/figure><\/div>\n\n\n\n<h2 class=\"wp-block-heading\">NOMINI VIP Programme<\/h2>\n\n\n\n<p>Kolejnym krokiem po odkryciu bogactwa gier slotowych w Nomini Casino jest eksploracja programu VIP. Ten ekskluzywny program jest dost\u0119pny dla wszystkich do\u015bwiadczonych graczy w Nomini, oferuj\u0105c wiele korzy\u015bci.<\/p>\n\n\n\n<ol class=\"wp-block-list\">\n<li><strong>Personalny Mened\u017cer Konta<\/strong>: Jego zapewniamy ka\u017cdemu cz\u0142onkowi programu VIP. Mened\u017cer pomo\u017ce w razie jakiekolwiek pyta\u0144 czy problem\u00f3w, zapewniaj\u0105c szybk\u0105 i efektywn\u0105 pomoc.<\/li>\n\n\n\n<li><strong>Wy\u017csze Limity Wyp\u0142at<\/strong>: Cz\u0142onkowie programu VIP mog\u0105 cieszy\u0107 si\u0119 wy\u017cszymi limitami wyp\u0142at, co oznacza mo\u017cliwo\u015b\u0107 szybszego zyskania dost\u0119pu do swoich wygranych.<\/li>\n\n\n\n<li><strong>Premie i Promocje<\/strong>: Sta\u0142e bonusy miesi\u0119czne, cotygodniowe cashbacki oraz specjalne prezenty s\u0105 tylko niekt\u00f3rymi z korzy\u015bci oferowanych przez program VIP.<\/li>\n<\/ol>\n\n\n\n<p>Program VIP w Nomini Casino jest jednak dost\u0119pny tylko dla graczy, kt\u00f3rzy spe\u0142niaj\u0105 okre\u015blone kryteria, takie jak regularne logowanie si\u0119 do swojego konta, osi\u0105ganie okre\u015blonych poziom\u00f3w wp\u0142at oraz aktywne uczestnictwo w grach. Szczeg\u00f3\u0142owe informacje na temat kryteri\u00f3w dost\u0119pu do programu i korzy\u015bci nale\u017cy przeczyta\u0107 na stronie kasyna Nomini.<\/p>\n\n\n\n<p>Naszym zdaniem, program VIP jest doskona\u0142ym dodatkiem do \u015bwietnej oferty slot\u00f3w i promocji w Nomini Casino. Daje szans\u0119 na otrzymanie dodatkowych korzy\u015bci i wymiernej warto\u015bci za lojalno\u015b\u0107. Zasluguje on na Wasz\u0105 uwag\u0119, je\u017celi szukacie wyj\u0105tkowych do\u015bwiadcze\u0144 kasynowych.<\/p>\n\n\n\n<h2 class=\"wp-block-heading\">Wyp\u0142ata i wp\u0142ata<\/h2>\n\n\n\n<p>To niesamowite, w jaki spos\u00f3b Nomini Casino mo\u017cna do\u015bwiadczy\u0107, je\u017celi m\u00f3wimy o rozmaitych grach i dobrze znanym tw\u00f3rcom. Lecz, co z wp\u0142atami i wyp\u0142atami? Tutaj przyjrzymy si\u0119 r\u00f3\u017cnym kwestiom zwi\u0105zanym z operacjami bankowymi w Nomini Casino.<\/p>\n\n\n\n<h3 class=\"wp-block-heading\">Waluty, min\/max Wp\u0142ata\/Wyp\u0142ata<\/h3>\n\n\n\n<p>W Nomini Casino obs\u0142uguje wiele g\u0142\u00f3wnych walut, w tym CAD, EUR, NOK, RUB i NZD. Minimalna suma, kt\u00f3r\u0105 mo\u017cna wp\u0142aci\u0107 za pomoc\u0105 wi\u0119kszo\u015bci dost\u0119pnych metod, wynosi 10 jednostek, a maksymalna suma nie jest wskazana. Je\u017celi chodzi o wyp\u0142at\u0119, minimalna to 20 jednostek, a mog\u0105 one wynosi\u0107 maksymalnie 500 jednostek na transakcj\u0119, 24 godziny i 10 000 na miesi\u0105c.<\/p>\n\n\n\n<p>Nale\u017cy jednak pami\u0119ta\u0107, \u017ce ograniczenia te mog\u0105 wzrosn\u0105\u0107, je\u017celi gracz awansuje na wy\u017cszy poziom w programie VIP. W zwi\u0105zku z tym, zawsze sprawdzaj szczeg\u00f3\u0142y ka\u017cdej transakcji, aby unikn\u0105\u0107 niespodzianek.<\/p>\n\n\n\n<h3 class=\"wp-block-heading\">Metody P\u0142atno\u015bci<\/h3>\n\n\n\n<p>Nomini Casino udost\u0119pnia r\u00f3\u017cne metody p\u0142atno\u015bci, kt\u00f3re u\u0142atwiaj\u0105 graczom wp\u0142aty i wyp\u0142aty \u015brodk\u00f3w. Te obejmuj\u0105 kart\u0119 kredytow\u0105\/debetow\u0105 Visa lub MasterCard, e-wallety takie jak eZee Wallet i MiFinity, a tak\u017ce kryptowaluty takie jak Bitcoin, Litecoin i Ripple. Czas przetwarzania wp\u0142at obecny jest tylko dla kart kredytowych\/debetowych (\u015bredni czas to 10 minut), dla pozosta\u0142ych dost\u0119pnych metod jest to natychmiastowe.<\/p>\n\n\n\n<h3 class=\"wp-block-heading\">Czasy Przetwarzania Wyp\u0142at<\/h3>\n\n\n\n<p>Czas przetwarzania wyp\u0142at mo\u017ce nieco d\u0142u\u017cej trwa\u0107, szczeg\u00f3lnie je\u017celi por\u00f3wnamy go z konkurencj\u0105. W celu wykonania wyp\u0142aty, wystarczy zalogowa\u0107 si\u0119 na swoje konto, klikn\u0105\u0107 na kasyjera w prawym g\u00f3rnym rogu ekranu, wybra\u0107 zak\u0142adk\u0119 wyp\u0142at i wybra\u0107 swoj\u0105 metod\u0119 wyp\u0142aty, a nast\u0119pnie wpisa\u0107 kwot\u0119, kt\u00f3r\u0105 chcesz wyp\u0142aci\u0107.<\/p>\n\n\n\n<p>Na koniec warto zauwa\u017cy\u0107, \u017ce transakcje realizowane za pomoc\u0105 Neteller lub Skrill nie kwalifikuj\u0105 si\u0119 do bonus\u00f3w. Jednak\u017ce kasyno akceptuje wp\u0142aty i wyp\u0142aty w ramach r\u00f3\u017cnych metod p\u0142atno\u015bci.<\/p>\n\n\n\n<p>Podsumowuj\u0105c, Nomini Casino oferuje solidny zestaw opcji p\u0142atno\u015bci, dzi\u0119ki czemu zarz\u0105dzanie \u015brodkami na koncie gracza jest \u0142atwe i wygodne. Miejmy tylko nadziej\u0119, \u017ce przysz\u0142e uaktualnienia przyspiesz\u0105 czasy przetwarzania wyp\u0142at.<\/p>\n\n\n\n<h2 class=\"wp-block-heading\">Dostawcy automat\u00f3w<\/h2>\n\n\n\n<h3 class=\"wp-block-heading\">Najpopularniejsi dostawcy slot\u00f3w w NOMINI<\/h3>\n\n\n\n<p>W NOMINI kladziemy nacisk na oferowanie gier od najlepszych deweloper\u00f3w na rynku. Przegl\u0105daj\u0105c nasz\u0105 kolekcj\u0119, zauwa\u017cysz tytu\u0142y od powszechnie rozpoznawalnych marek, takich jak Merkur Gaming, Red Tiger, Play&#8217;n GO, Elk Studios czy Pragmatic Play. Wszystkie te studia maj\u0105 solidne do\u015bwiadczenie w tworzeniu wysokiej jako\u015bci slot\u00f3w, kt\u00f3re s\u0105 znane i cenione przez graczy na ca\u0142ym \u015bwiecie.<\/p>\n\n\n\n<p>Z kolei dla fan\u00f3w alternatywy, oferujemy gry od mniejszych, mniej znanych firm. Spinberry, Quick i Octoplay to tylko kilka mniejszych, nowszych dostawc\u00f3w, kt\u00f3rych sloty mo\u017cecie u nas znale\u017a\u0107. Ostatecznie, ta r\u00f3\u017cnorodno\u015b\u0107 dodaje urozmaicenia do naszej kolekcji i daje graczom szans\u0119 na zabaw\u0119 z slotami, kt\u00f3re mogli wcze\u015bniej przeoczy\u0107.<\/p>\n\n\n\n<h3 class=\"wp-block-heading\">Ekskluzywne sloty dost\u0119pne tylko w NOMINI<\/h3>\n\n\n\n<p>W NOMINI nie zapominamy o wyj\u0105tkowo\u015bci. Dlatego w naszej ofercie znajdziecie wyselekcjonowane tytu\u0142y, kt\u00f3re s\u0105 dost\u0119pne wy\u0142\u0105cznie na naszej platformie. Nale\u017c\u0105 do nich &#8220;Nomini Fruits&#8221;, &#8220;100 Book of Xmas Nomini&#8221; oraz &#8220;Nomini Million&#8221;. Ka\u017cdy z nich zapewnia unikalne prze\u017cycia, kt\u00f3re nie s\u0105 dost\u0119pne na innych platformach.<\/p>\n\n\n\n<h2 class=\"wp-block-heading\">NOMINI: Nasz wniosek<\/h2>\n\n\n\n<p>Zapewniamy, \u017ce Nomini Casino to prawdziwa gratka dla mi\u0142o\u015bnik\u00f3w slot\u00f3w. Z ponad 4500 tytu\u0142ami, od starych klasyk\u00f3w po nowoczesne hity, Nomini oferuje co\u015b dla ka\u017cdego. Cieszymy si\u0119, \u017ce mogli\u015bmy podzieli\u0107 si\u0119 z Wami informacjami o ich bogatej ofercie bonusowej i ekskluzywnym programie VIP. Pami\u0119tajcie, \u017ce bonusy wymagaj\u0105 wp\u0142aty, ale s\u0105 one bardzo atrakcyjne. W Nomini znajdziecie gry od najwi\u0119kszych graczy w bran\u017cy, jak Merkur Gaming czy Red Tiger, ale r\u00f3wnie\u017c od mniej znanych deweloper\u00f3w. A to, co naprawd\u0119 wyr\u00f3\u017cnia Nomini, to ekskluzywne sloty, kt\u00f3rych nie znajdziecie nigdzie indziej. Zatem, je\u015bli szukacie r\u00f3\u017cnorodno\u015bci, ekscytuj\u0105cych bonus\u00f3w i unikalnych slot\u00f3w, Nomini Casino jest miejscem, kt\u00f3re warto odwiedzi\u0107.<\/p>\n\n\n\n<h3 class=\"wp-block-heading\">1\ufe0f\u20e3Jakie dokumenty s\u0105 wymagane przy zak\u0142adaniu konta w Nomini?<\/h3>\n\n\n\n<p>Zak\u0142adanie konta w Nomini ogranicza si\u0119 do wpisania podstawowych danych. Weryfikacja to\u017csamo\u015bci mo\u017ce by\u0107 wymagana przy pierwszej pr\u00f3bie wyp\u0142aty wygranych.<\/p>\n\n\n\n<h3 class=\"wp-block-heading\">2\ufe0f\u20e3Kt\u00f3rzy deweloperzy dostarczaj\u0105 gry dla Nomini Casino?<\/h3>\n\n\n\n<p>Nomini Casino wsp\u00f3\u0142pracuje z wieloma deweloperami, w tym mi\u0119dzy innymi: Quickspin, Pragmatic Play, Spinomenal i Red Tiger Gaming. Gry w kasynie na \u017cywo s\u0105 dostarczane przez Evolution Gaming.<\/p>\n\n\n\n<h3 class=\"wp-block-heading\">3\ufe0f\u20e3Czy Nomini Casino jest bezpieczne?<\/h3>\n\n\n\n<p>Tak, Nomini jest w 100% bezpieczne i posiada licencj\u0119. Casino musi przestrzega\u0107 surowych regulacji, aby utrzyma\u0107 sw\u00f3j licencjonowany status.<\/p>\n\n\n\n<h3 class=\"wp-block-heading\">4\ufe0f\u20e3Jaki bonus powinienem wybra\u0107 w Nomini Casino?<\/h3>\n\n\n\n<p>Nie ma jednej odpowiedzi, kt\u00f3ra pasowa\u0142aby wszystkim. Zach\u0119camy graczy do wyboru bonusu, kt\u00f3ry najbardziej odpowiada ich stylowi gry. Przeczytaj ka\u017cdy z nich uwa\u017cnie i rozwa\u017c warunki.<\/p>\n\n\n\n<h3 class=\"wp-block-heading\">5\ufe0f\u20e3Czy Nomini Casino to legalne kasyno?<\/h3>\n\n\n\n<p>Tak, Nomini Casino jest legalnym kasynem online. Mo\u017cemy to potwierdzi\u0107 dzi\u0119ki naszemu algorytmowi CasinoRank, kt\u00f3ry ocenia i ocenia kasyna online na podstawie ponad dekady do\u015bwiadcze\u0144.<\/p>\n","protected":false},"excerpt":{"rendered":"<p>Zanurzmy si\u0119 w \u015bwiecie Nomini Casino, miejsca, kt\u00f3re przyci\u0105ga graczy swoj\u0105 imponuj\u0105c\u0105 ofert\u0105. Z ponad 4500 r\u00f3\u017cnymi grami do wyboru, ka\u017cdy gracz na pewno znajdzie co\u015b dla siebie. Od staro\u017cytnych klasyk\u00f3w po nowoczesne sloty, Nomini Casino oferuje niesamowite do\u015bwiadczenia dla ka\u017cdego mi\u0142o\u015bnika gier. Nomini Casino to prawdziwe eldorado dla fan\u00f3w automat\u00f3w do gier. Z tak [&hellip;]<\/p>\n","protected":false},"author":3,"featured_media":0,"parent":43,"menu_order":0,"comment_status":"closed","ping_status":"closed","template":"","meta":{"footnotes":""},"class_list":["post-44","page","type-page","status-publish","hentry"],"blocksy_meta":{"has_hero_section":"default","page_structure_type":"type-3","content_style_source":"inherit","content_style":{"desktop":"wide","tablet":"wide","mobile":"wide"},"vertical_spacing_source":"inherit","content_area_spacing":"none","disable_featured_image":"yes","disable_share_box":"yes","styles_descriptor":{"styles":{"desktop":"","tablet":"","mobile":""},"google_fonts":[],"version":6}},"featured_image_urls":{"full":"","thumbnail":"","medium":"","medium_large":"","large":"","1536x1536":"","2048x2048":""},"post_excerpt_stackable":"<p>Zanurzmy si\u0119 w \u015bwiecie Nomini Casino, miejsca, kt\u00f3re przyci\u0105ga graczy swoj\u0105 imponuj\u0105c\u0105 ofert\u0105. Z ponad 4500 r\u00f3\u017cnymi grami do wyboru, ka\u017cdy gracz na pewno znajdzie co\u015b dla siebie. Od staro\u017cytnych klasyk\u00f3w po nowoczesne sloty, Nomini Casino oferuje niesamowite do\u015bwiadczenia dla ka\u017cdego mi\u0142o\u015bnika gier. Nomini Casino to prawdziwe eldorado dla fan\u00f3w automat\u00f3w do gier. Z tak ogromnym wyborem, serce ka\u017cdego fana slot\u00f3w z pewno\u015bci\u0105 zacznie bi\u0107 szybciej. Ale to nie wszystko &#8211; Nomini Casino oferuje nie tylko gry od najwi\u0119kszych deweloper\u00f3w, ale r\u00f3wnie\u017c od wielu innych, czasami mniej znanych tw\u00f3rc\u00f3w. Wi\u0119c, czy jeste\u015b zapalonym graczem, czy po prostu szukasz nowego miejsca&hellip;<\/p>\n","category_list":"","author_info":{"name":"Aphex Team","url":"https:\/\/nomini.bet\/?author=3"},"comments_num":"0 comments","yoast_head":"<!-- This site is optimized with the Yoast SEO plugin v22.8 - https:\/\/yoast.com\/wordpress\/plugins\/seo\/ -->\n<title>\u015awiat Slot\u00f3w w Nomini Casino | Oferty i Bonusy<\/title>\n<meta name=\"description\" content=\"Odkryj bogat\u0105 ofert\u0119 slot\u00f3w w Nomini Casino i skorzystaj z atrakcyjnych bonus\u00f3w. Zarejestruj si\u0119 teraz!\" \/>\n<meta name=\"robots\" content=\"index, follow, max-snippet:-1, max-image-preview:large, max-video-preview:-1\" \/>\n<link rel=\"canonical\" href=\"https:\/\/nomini.bet\/?page_id=44\" \/>\n<meta property=\"og:locale\" content=\"pl_PL\" \/>\n<meta property=\"og:type\" content=\"article\" \/>\n<meta property=\"og:title\" content=\"\u015awiat Slot\u00f3w w Nomini Casino | Oferty i Bonusy\" \/>\n<meta property=\"og:description\" content=\"Odkryj bogat\u0105 ofert\u0119 slot\u00f3w w Nomini Casino i skorzystaj z atrakcyjnych bonus\u00f3w. Zarejestruj si\u0119 teraz!\" \/>\n<meta property=\"og:url\" content=\"https:\/\/nomini.bet\/?page_id=44\" \/>\n<meta property=\"og:site_name\" content=\"Nomini\" \/>\n<meta property=\"article:modified_time\" content=\"2024-06-11T09:55:12+00:00\" \/>\n<meta property=\"og:image\" content=\"https:\/\/nomini.bet\/wp-content\/uploads\/2024\/06\/pikaso_texttoimage_3d-model-Casino-SLots-figure-octane-render-volumet-1.jpeg\" \/>\n<meta name=\"twitter:card\" content=\"summary_large_image\" \/>\n<meta name=\"twitter:label1\" content=\"Est. reading time\" \/>\n\t<meta name=\"twitter:data1\" content=\"7 minutes\" \/>\n<script type=\"application\/ld+json\" class=\"yoast-schema-graph\">{\"@context\":\"https:\/\/schema.org\",\"@graph\":[{\"@type\":\"WebPage\",\"@id\":\"https:\/\/nomini.bet\/?page_id=44\",\"url\":\"https:\/\/nomini.bet\/?page_id=44\",\"name\":\"\u015awiat Slot\u00f3w w Nomini Casino | Oferty i Bonusy\",\"isPartOf\":{\"@id\":\"https:\/\/nomini.bet\/#website\"},\"primaryImageOfPage\":{\"@id\":\"https:\/\/nomini.bet\/?page_id=44#primaryimage\"},\"image\":{\"@id\":\"https:\/\/nomini.bet\/?page_id=44#primaryimage\"},\"thumbnailUrl\":\"https:\/\/nomini.bet\/wp-content\/uploads\/2024\/06\/pikaso_texttoimage_3d-model-Casino-SLots-figure-octane-render-volumet-1.jpeg\",\"datePublished\":\"2024-04-22T04:45:16+00:00\",\"dateModified\":\"2024-06-11T09:55:12+00:00\",\"description\":\"Odkryj bogat\u0105 ofert\u0119 slot\u00f3w w Nomini Casino i skorzystaj z atrakcyjnych bonus\u00f3w. Zarejestruj si\u0119 teraz!\",\"breadcrumb\":{\"@id\":\"https:\/\/nomini.bet\/?page_id=44#breadcrumb\"},\"inLanguage\":\"pl-PL\",\"potentialAction\":[{\"@type\":\"ReadAction\",\"target\":[\"https:\/\/nomini.bet\/?page_id=44\"]}]},{\"@type\":\"ImageObject\",\"inLanguage\":\"pl-PL\",\"@id\":\"https:\/\/nomini.bet\/?page_id=44#primaryimage\",\"url\":\"https:\/\/nomini.bet\/wp-content\/uploads\/2024\/06\/pikaso_texttoimage_3d-model-Casino-SLots-figure-octane-render-volumet-1.jpeg\",\"contentUrl\":\"https:\/\/nomini.bet\/wp-content\/uploads\/2024\/06\/pikaso_texttoimage_3d-model-Casino-SLots-figure-octane-render-volumet-1.jpeg\",\"width\":1216,\"height\":832},{\"@type\":\"BreadcrumbList\",\"@id\":\"https:\/\/nomini.bet\/?page_id=44#breadcrumb\",\"itemListElement\":[{\"@type\":\"ListItem\",\"position\":1,\"name\":\"Home\",\"item\":\"https:\/\/nomini.bet\/\"},{\"@type\":\"ListItem\",\"position\":2,\"name\":\"Gry kasynowe\",\"item\":\"https:\/\/nomini.bet\/?page_id=43\"},{\"@type\":\"ListItem\",\"position\":3,\"name\":\"Odkryj \u015awiat Slot\u00f3w w Nomini Casino: Przegl\u0105d Oferty i Bonus\u00f3w\"}]},{\"@type\":\"WebSite\",\"@id\":\"https:\/\/nomini.bet\/#website\",\"url\":\"https:\/\/nomini.bet\/\",\"name\":\"Nomini\",\"description\":\"\",\"publisher\":{\"@id\":\"https:\/\/nomini.bet\/#organization\"},\"potentialAction\":[{\"@type\":\"SearchAction\",\"target\":{\"@type\":\"EntryPoint\",\"urlTemplate\":\"https:\/\/nomini.bet\/?s={search_term_string}\"},\"query-input\":\"required name=search_term_string\"}],\"inLanguage\":\"pl-PL\"},{\"@type\":\"Organization\",\"@id\":\"https:\/\/nomini.bet\/#organization\",\"name\":\"Nomini\",\"url\":\"https:\/\/nomini.bet\/\",\"logo\":{\"@type\":\"ImageObject\",\"inLanguage\":\"pl-PL\",\"@id\":\"https:\/\/nomini.bet\/#\/schema\/logo\/image\/\",\"url\":\"https:\/\/nomini.bet\/wp-content\/uploads\/2024\/04\/nomini-casino-logo-transparent-160x54.png.webp\",\"contentUrl\":\"https:\/\/nomini.bet\/wp-content\/uploads\/2024\/04\/nomini-casino-logo-transparent-160x54.png.webp\",\"width\":160,\"height\":54,\"caption\":\"Nomini\"},\"image\":{\"@id\":\"https:\/\/nomini.bet\/#\/schema\/logo\/image\/\"}}]}<\/script>\n<!-- \/ Yoast SEO plugin. -->","yoast_head_json":{"title":"\u015awiat Slot\u00f3w w Nomini Casino | Oferty i Bonusy","description":"Odkryj bogat\u0105 ofert\u0119 slot\u00f3w w Nomini Casino i skorzystaj z atrakcyjnych bonus\u00f3w. Zarejestruj si\u0119 teraz!","robots":{"index":"index","follow":"follow","max-snippet":"max-snippet:-1","max-image-preview":"max-image-preview:large","max-video-preview":"max-video-preview:-1"},"canonical":"https:\/\/nomini.bet\/?page_id=44","og_locale":"pl_PL","og_type":"article","og_title":"\u015awiat Slot\u00f3w w Nomini Casino | Oferty i Bonusy","og_description":"Odkryj bogat\u0105 ofert\u0119 slot\u00f3w w Nomini Casino i skorzystaj z atrakcyjnych bonus\u00f3w. Zarejestruj si\u0119 teraz!","og_url":"https:\/\/nomini.bet\/?page_id=44","og_site_name":"Nomini","article_modified_time":"2024-06-11T09:55:12+00:00","og_image":[{"url":"https:\/\/nomini.bet\/wp-content\/uploads\/2024\/06\/pikaso_texttoimage_3d-model-Casino-SLots-figure-octane-render-volumet-1.jpeg"}],"twitter_card":"summary_large_image","twitter_misc":{"Est. reading time":"7 minutes"},"schema":{"@context":"https:\/\/schema.org","@graph":[{"@type":"WebPage","@id":"https:\/\/nomini.bet\/?page_id=44","url":"https:\/\/nomini.bet\/?page_id=44","name":"\u015awiat Slot\u00f3w w Nomini Casino | Oferty i Bonusy","isPartOf":{"@id":"https:\/\/nomini.bet\/#website"},"primaryImageOfPage":{"@id":"https:\/\/nomini.bet\/?page_id=44#primaryimage"},"image":{"@id":"https:\/\/nomini.bet\/?page_id=44#primaryimage"},"thumbnailUrl":"https:\/\/nomini.bet\/wp-content\/uploads\/2024\/06\/pikaso_texttoimage_3d-model-Casino-SLots-figure-octane-render-volumet-1.jpeg","datePublished":"2024-04-22T04:45:16+00:00","dateModified":"2024-06-11T09:55:12+00:00","description":"Odkryj bogat\u0105 ofert\u0119 slot\u00f3w w Nomini Casino i skorzystaj z atrakcyjnych bonus\u00f3w. Zarejestruj si\u0119 teraz!","breadcrumb":{"@id":"https:\/\/nomini.bet\/?page_id=44#breadcrumb"},"inLanguage":"pl-PL","potentialAction":[{"@type":"ReadAction","target":["https:\/\/nomini.bet\/?page_id=44"]}]},{"@type":"ImageObject","inLanguage":"pl-PL","@id":"https:\/\/nomini.bet\/?page_id=44#primaryimage","url":"https:\/\/nomini.bet\/wp-content\/uploads\/2024\/06\/pikaso_texttoimage_3d-model-Casino-SLots-figure-octane-render-volumet-1.jpeg","contentUrl":"https:\/\/nomini.bet\/wp-content\/uploads\/2024\/06\/pikaso_texttoimage_3d-model-Casino-SLots-figure-octane-render-volumet-1.jpeg","width":1216,"height":832},{"@type":"BreadcrumbList","@id":"https:\/\/nomini.bet\/?page_id=44#breadcrumb","itemListElement":[{"@type":"ListItem","position":1,"name":"Home","item":"https:\/\/nomini.bet\/"},{"@type":"ListItem","position":2,"name":"Gry kasynowe","item":"https:\/\/nomini.bet\/?page_id=43"},{"@type":"ListItem","position":3,"name":"Odkryj \u015awiat Slot\u00f3w w Nomini Casino: Przegl\u0105d Oferty i Bonus\u00f3w"}]},{"@type":"WebSite","@id":"https:\/\/nomini.bet\/#website","url":"https:\/\/nomini.bet\/","name":"Nomini","description":"","publisher":{"@id":"https:\/\/nomini.bet\/#organization"},"potentialAction":[{"@type":"SearchAction","target":{"@type":"EntryPoint","urlTemplate":"https:\/\/nomini.bet\/?s={search_term_string}"},"query-input":"required name=search_term_string"}],"inLanguage":"pl-PL"},{"@type":"Organization","@id":"https:\/\/nomini.bet\/#organization","name":"Nomini","url":"https:\/\/nomini.bet\/","logo":{"@type":"ImageObject","inLanguage":"pl-PL","@id":"https:\/\/nomini.bet\/#\/schema\/logo\/image\/","url":"https:\/\/nomini.bet\/wp-content\/uploads\/2024\/04\/nomini-casino-logo-transparent-160x54.png.webp","contentUrl":"https:\/\/nomini.bet\/wp-content\/uploads\/2024\/04\/nomini-casino-logo-transparent-160x54.png.webp","width":160,"height":54,"caption":"Nomini"},"image":{"@id":"https:\/\/nomini.bet\/#\/schema\/logo\/image\/"}}]}},"_links":{"self":[{"href":"https:\/\/nomini.bet\/index.php?rest_route=\/wp\/v2\/pages\/44","targetHints":{"allow":["GET"]}}],"collection":[{"href":"https:\/\/nomini.bet\/index.php?rest_route=\/wp\/v2\/pages"}],"about":[{"href":"https:\/\/nomini.bet\/index.php?rest_route=\/wp\/v2\/types\/page"}],"author":[{"embeddable":true,"href":"https:\/\/nomini.bet\/index.php?rest_route=\/wp\/v2\/users\/3"}],"replies":[{"embeddable":true,"href":"https:\/\/nomini.bet\/index.php?rest_route=%2Fwp%2Fv2%2Fcomments&post=44"}],"version-history":[{"count":0,"href":"https:\/\/nomini.bet\/index.php?rest_route=\/wp\/v2\/pages\/44\/revisions"}],"up":[{"embeddable":true,"href":"https:\/\/nomini.bet\/index.php?rest_route=\/wp\/v2\/pages\/43"}],"wp:attachment":[{"href":"https:\/\/nomini.bet\/index.php?rest_route=%2Fwp%2Fv2%2Fmedia&parent=44"}],"curies":[{"name":"wp","href":"https:\/\/api.w.org\/{rel}","templated":true}]}}