{"id":178,"date":"2024-04-30T11:46:22","date_gmt":"2024-04-30T11:46:22","guid":{"rendered":"https:\/\/nomini.bet\/?page_id=178"},"modified":"2024-06-11T09:57:45","modified_gmt":"2024-06-11T09:57:45","slug":"tournaments","status":"publish","type":"page","link":"https:\/\/nomini.bet\/?page_id=178","title":{"rendered":"Turnieje w Kasynie Nomini: Kompleksowy Przewodnik"},"content":{"rendered":"\n<p>Kasyno Nomini oferuje szerok\u0105 gam\u0119 turniej\u00f3w, kt\u00f3re umo\u017cliwiaj\u0105 graczom rywalizacj\u0119 i zdobywanie cennych nagr\u00f3d. Turnieje te s\u0105 \u015bwietnym sposobem na dodanie dodatkowego emocji do gry, a tak\u017ce na zdobycie dodatkowych wygranych. Poni\u017cej przedstawiam szczeg\u00f3\u0142owe informacje na temat aktualnych turniej\u00f3w dost\u0119pnych w kasynie Nomini.<\/p>\n\n\n\n<h2 class=\"wp-block-heading\">Aktywne Turnieje<\/h2>\n\n\n\n<h3 class=\"wp-block-heading\">The Masters<\/h3>\n\n\n\n<ul class=\"wp-block-list\">\n<li><strong>Minimalny Zak\u0142ad:<\/strong> \u20ac10<\/li>\n\n\n\n<li><strong>Pula Nagr\u00f3d:<\/strong> \u20ac1,500<\/li>\n<\/ul>\n\n\n\n<h3 class=\"wp-block-heading\">ELA Games Tourney<\/h3>\n\n\n\n<ul class=\"wp-block-list\">\n<li><strong>Minimalny Zak\u0142ad:<\/strong> \u20ac0.50<\/li>\n\n\n\n<li><strong>Pula Nagr\u00f3d:<\/strong> \u20ac10,000<\/li>\n<\/ul>\n\n\n\n<h3 class=\"wp-block-heading\">Razors Clash<\/h3>\n\n\n\n<ul class=\"wp-block-list\">\n<li><strong>Minimalny Zak\u0142ad:<\/strong> \u20ac0.50<\/li>\n\n\n\n<li><strong>Pula Nagr\u00f3d:<\/strong> \u20ac15,000<\/li>\n<\/ul>\n\n\n\n<h3 class=\"wp-block-heading\">Slots Masters<\/h3>\n\n\n\n<ul class=\"wp-block-list\">\n<li><strong>Minimalny Zak\u0142ad:<\/strong> \u20ac0.50<\/li>\n\n\n\n<li><strong>Pula Nagr\u00f3d:<\/strong> \u20ac5,000<\/li>\n<\/ul>\n\n\n\n<h3 class=\"wp-block-heading\">Mystery Drop<\/h3>\n\n\n\n<ul class=\"wp-block-list\">\n<li><strong>Minimalny Zak\u0142ad:<\/strong> \u20ac0<\/li>\n\n\n\n<li><strong>Pula Nagr\u00f3d:<\/strong> \u20ac5,000,000<\/li>\n<\/ul>\n\n\n\n<h3 class=\"wp-block-heading\">Blazing Clash<\/h3>\n\n\n\n<ul class=\"wp-block-list\">\n<li><strong>Minimalny Zak\u0142ad:<\/strong> \u20ac0.50<\/li>\n\n\n\n<li><strong>Pula Nagr\u00f3d:<\/strong> \u20ac6,000<\/li>\n<\/ul>\n\n\n\n<h3 class=\"wp-block-heading\">Spring Cash Drops<\/h3>\n\n\n\n<ul class=\"wp-block-list\">\n<li><strong>Minimalny Zak\u0142ad:<\/strong> &#8211;<\/li>\n\n\n\n<li><strong>Pula Nagr\u00f3d:<\/strong> \u20ac10,000<\/li>\n<\/ul>\n\n\n\n<h3 class=\"wp-block-heading\">Weekday Drops<\/h3>\n\n\n\n<ul class=\"wp-block-list\">\n<li><strong>Minimalny Zak\u0142ad:<\/strong> \u20ac0.50<\/li>\n\n\n\n<li><strong>Pula Nagr\u00f3d:<\/strong> \u20ac32,000<\/li>\n<\/ul>\n\n\n\n<h3 class=\"wp-block-heading\">CashCrab Monthly Race<\/h3>\n\n\n\n<ul class=\"wp-block-list\">\n<li><strong>Minimalny Zak\u0142ad:<\/strong> \u20ac0.50<\/li>\n\n\n\n<li><strong>Pula Nagr\u00f3d:<\/strong> \u20ac4,290<\/li>\n<\/ul>\n\n\n\n<h3 class=\"wp-block-heading\">Drops &amp; Wins<\/h3>\n\n\n\n<ul class=\"wp-block-list\">\n<li><strong>Minimalny Zak\u0142ad:<\/strong> \u20ac0.05<\/li>\n\n\n\n<li><strong>Pula Nagr\u00f3d:<\/strong> \u20ac2,000,000<\/li>\n<\/ul>\n\n\n\n<h3 class=\"wp-block-heading\">Live Casino<\/h3>\n\n\n\n<ul class=\"wp-block-list\">\n<li><strong>Minimalny Zak\u0142ad:<\/strong> \u20ac0.30<\/li>\n\n\n\n<li><strong>Pula Nagr\u00f3d:<\/strong> 110 (Nomini Casino Bonus Credit)<\/li>\n<\/ul>\n\n\n\n<div class=\"wp-block-stackable-image stk-block-image stk-block stk-2fa602f\" data-block-id=\"2fa602f\"><figure><span class=\"stk-img-wrapper stk-image--shape-stretch\"><img loading=\"lazy\" decoding=\"async\" class=\"stk-img wp-image-227\" src=\"https:\/\/nomini.bet\/wp-content\/uploads\/2024\/06\/pikaso_texttoimage_3d-model-Casino-Tournaments-figure-octane-render-v-2.jpeg\" width=\"1216\" height=\"832\" srcset=\"https:\/\/nomini.bet\/wp-content\/uploads\/2024\/06\/pikaso_texttoimage_3d-model-Casino-Tournaments-figure-octane-render-v-2.jpeg 1216w, https:\/\/nomini.bet\/wp-content\/uploads\/2024\/06\/pikaso_texttoimage_3d-model-Casino-Tournaments-figure-octane-render-v-2-300x205.jpeg 300w, https:\/\/nomini.bet\/wp-content\/uploads\/2024\/06\/pikaso_texttoimage_3d-model-Casino-Tournaments-figure-octane-render-v-2-1024x701.jpeg 1024w, https:\/\/nomini.bet\/wp-content\/uploads\/2024\/06\/pikaso_texttoimage_3d-model-Casino-Tournaments-figure-octane-render-v-2-768x525.jpeg 768w\" sizes=\"auto, (max-width: 1216px) 100vw, 1216px\" \/><\/span><\/figure><\/div>\n\n\n\n<h3 class=\"wp-block-heading\">Slot of the Week<\/h3>\n\n\n\n<ul class=\"wp-block-list\">\n<li><strong>Minimalny Zak\u0142ad:<\/strong> \u20ac0.50<\/li>\n\n\n\n<li><strong>Pula Nagr\u00f3d:<\/strong> 110 (Nomini Casino Bonus Credit)<\/li>\n<\/ul>\n\n\n\n<h3 class=\"wp-block-heading\">Monthly Race<\/h3>\n\n\n\n<ul class=\"wp-block-list\">\n<li><strong>Minimalny Zak\u0142ad:<\/strong> \u20ac0.50<\/li>\n\n\n\n<li><strong>Pula Nagr\u00f3d:<\/strong> 250 (Nomini Casino Bonus Credit)<\/li>\n<\/ul>\n\n\n\n<h2 class=\"wp-block-heading\">Jak Uczestniczy\u0107 w Turniejach?<\/h2>\n\n\n\n<ol class=\"wp-block-list\">\n<li><strong>Wyb\u00f3r Turnieju:<\/strong> Wybierz interesuj\u0105cy Ci\u0119 turniej z listy dost\u0119pnych na stronie Nomini Casino. Ka\u017cdy turniej ma unikalny opis oraz list\u0119 gier, kt\u00f3re si\u0119 kwalifikuj\u0105.<\/li>\n\n\n\n<li><strong>Zasady i Warunki:<\/strong> Przeczytaj zasady i warunki turnieju, aby upewni\u0107 si\u0119, \u017ce rozumiesz wymagania dotycz\u0105ce zak\u0142ad\u00f3w i punktacji.<\/li>\n\n\n\n<li><strong>Gra:<\/strong> Graj w gry, kt\u00f3re s\u0105 cz\u0119\u015bci\u0105 turnieju. Ka\u017cdy zak\u0142ad zwi\u0119ksza Tw\u00f3j wynik w rankingu.<\/li>\n\n\n\n<li><strong>Wyniki:<\/strong> \u015aled\u017a swoje post\u0119py na li\u015bcie wynik\u00f3w, aby zobaczy\u0107, jak wypadasz na tle innych graczy.<\/li>\n<\/ol>\n\n\n\n<h2 class=\"wp-block-heading\">Przyk\u0142ad Turnieju: Slot of the Week<\/h2>\n\n\n\n<p>Turniej Slot of the Week to \u015bwietny spos\u00f3b na rywalizacj\u0119 w ulubionych grach slotowych. Kliknij na turniej, aby zobaczy\u0107 szczeg\u00f3\u0142y i przewi\u0144 w d\u00f3\u0142, aby zobaczy\u0107 wysokie wyniki oraz gry kwalifikuj\u0105ce si\u0119 do turnieju.<\/p>\n\n\n\n<h3 class=\"wp-block-heading\">Warunki Turniej\u00f3w<\/h3>\n\n\n\n<p>R\u00f3\u017cne gry maj\u0105 r\u00f3\u017cne zasady i warunki, dlatego wa\u017cne jest, aby zapozna\u0107 si\u0119 zar\u00f3wno z zasadami turnieju, jak i og\u00f3lnymi zasadami Nomini Casino. Je\u015bli nie jeste\u015b pewien, czy okre\u015blone bonusy mog\u0105 by\u0107 u\u017cywane w turniejach, skontaktuj si\u0119 z obs\u0142ug\u0105 klienta.<\/p>\n\n\n\n<h3 class=\"wp-block-heading\">Gra Solo<\/h3>\n\n\n\n<p>Je\u015bli rywalizacja staje si\u0119 zbyt trudna, zawsze mo\u017cesz gra\u0107 solo i wybra\u0107 gr\u0119 hazardow\u0105 swoich marze\u0144 na Nomini.<\/p>\n\n\n\n<h2 class=\"wp-block-heading\">Tabela Turniej\u00f3w<\/h2>\n\n\n\n<figure class=\"wp-block-table\"><table><thead><tr><th>Nazwa Turnieju<\/th><th>Minimalny Zak\u0142ad<\/th><th>Pula Nagr\u00f3d<\/th><\/tr><\/thead><tbody><tr><td><strong>The Masters<\/strong><\/td><td>\u20ac10<\/td><td>\u20ac1,500<\/td><\/tr><tr><td><strong>ELA Games Tourney<\/strong><\/td><td>\u20ac0.50<\/td><td>\u20ac10,000<\/td><\/tr><tr><td><strong>Razors Clash<\/strong><\/td><td>\u20ac0.50<\/td><td>\u20ac15,000<\/td><\/tr><tr><td><strong>Slots Masters<\/strong><\/td><td>\u20ac0.50<\/td><td>\u20ac5,000<\/td><\/tr><tr><td><strong>Mystery Drop<\/strong><\/td><td>\u20ac0<\/td><td>\u20ac5,000,000<\/td><\/tr><tr><td><strong>Blazing Clash<\/strong><\/td><td>\u20ac0.50<\/td><td>\u20ac6,000<\/td><\/tr><tr><td><strong>Spring Cash Drops<\/strong><\/td><td>&#8211;<\/td><td>\u20ac10,000<\/td><\/tr><tr><td><strong>Weekday Drops<\/strong><\/td><td>\u20ac0.50<\/td><td>\u20ac32,000<\/td><\/tr><tr><td><strong>CashCrab Monthly Race<\/strong><\/td><td>\u20ac0.50<\/td><td>\u20ac4,290<\/td><\/tr><tr><td><strong>Drops &amp; Wins<\/strong><\/td><td>\u20ac0.05<\/td><td>\u20ac2,000,000<\/td><\/tr><tr><td><strong>Live Casino<\/strong><\/td><td>\u20ac0.30<\/td><td>110 (Nomini Casino Bonus Credit)<\/td><\/tr><tr><td><strong>Slot of the Week<\/strong><\/td><td>\u20ac0.50<\/td><td>110 (Nomini Casino Bonus Credit)<\/td><\/tr><tr><td><strong>Monthly Race<\/strong><\/td><td>\u20ac0.50<\/td><td>250 (Nomini Casino Bonus Credit)<\/td><\/tr><\/tbody><\/table><\/figure>\n\n\n\n<p>Nomini Casino oferuje r\u00f3\u017cnorodne turnieje, kt\u00f3re s\u0105 dost\u0119pne dla graczy o r\u00f3\u017cnych bud\u017cetach i preferencjach. Dzi\u0119ki szerokiej gamie gier i atrakcyjnym pulom nagr\u00f3d, ka\u017cdy znajdzie co\u015b dla siebie. \ud83c\udfb0\ud83c\udfc6<\/p>\n\n\n\n<p>Zapraszamy do udzia\u0142u w turniejach Nomini Casino i \u017cyczymy powodzenia! \ud83c\udf40<\/p>\n","protected":false},"excerpt":{"rendered":"<p>Kasyno Nomini oferuje szerok\u0105 gam\u0119 turniej\u00f3w, kt\u00f3re umo\u017cliwiaj\u0105 graczom rywalizacj\u0119 i zdobywanie cennych nagr\u00f3d. Turnieje te s\u0105 \u015bwietnym sposobem na dodanie dodatkowego emocji do gry, a tak\u017ce na zdobycie dodatkowych wygranych. Poni\u017cej przedstawiam szczeg\u00f3\u0142owe informacje na temat aktualnych turniej\u00f3w dost\u0119pnych w kasynie Nomini. Aktywne Turnieje The Masters ELA Games Tourney Razors Clash Slots Masters Mystery [&hellip;]<\/p>\n","protected":false},"author":3,"featured_media":0,"parent":0,"menu_order":0,"comment_status":"closed","ping_status":"closed","template":"","meta":{"footnotes":""},"class_list":["post-178","page","type-page","status-publish","hentry"],"blocksy_meta":{"has_hero_section":"default","page_structure_type":"type-3","content_style_source":"inherit","content_style":{"desktop":"wide","tablet":"wide","mobile":"wide"},"vertical_spacing_source":"inherit","content_area_spacing":"none","disable_featured_image":"yes","disable_share_box":"yes","styles_descriptor":{"styles":{"desktop":"","tablet":"","mobile":""},"google_fonts":[],"version":6}},"featured_image_urls":{"full":"","thumbnail":"","medium":"","medium_large":"","large":"","1536x1536":"","2048x2048":""},"post_excerpt_stackable":"<p>Kasyno Nomini oferuje szerok\u0105 gam\u0119 turniej\u00f3w, kt\u00f3re umo\u017cliwiaj\u0105 graczom rywalizacj\u0119 i zdobywanie cennych nagr\u00f3d. Turnieje te s\u0105 \u015bwietnym sposobem na dodanie dodatkowego emocji do gry, a tak\u017ce na zdobycie dodatkowych wygranych. Poni\u017cej przedstawiam szczeg\u00f3\u0142owe informacje na temat aktualnych turniej\u00f3w dost\u0119pnych w kasynie Nomini. Aktywne Turnieje The Masters Minimalny Zak\u0142ad: \u20ac10 Pula Nagr\u00f3d: \u20ac1,500 ELA Games Tourney Minimalny Zak\u0142ad: \u20ac0.50 Pula Nagr\u00f3d: \u20ac10,000 Razors Clash Minimalny Zak\u0142ad: \u20ac0.50 Pula Nagr\u00f3d: \u20ac15,000 Slots Masters Minimalny Zak\u0142ad: \u20ac0.50 Pula Nagr\u00f3d: \u20ac5,000 Mystery Drop Minimalny Zak\u0142ad: \u20ac0 Pula Nagr\u00f3d: \u20ac5,000,000 Blazing Clash Minimalny Zak\u0142ad: \u20ac0.50 Pula Nagr\u00f3d: \u20ac6,000 Spring Cash Drops Minimalny Zak\u0142ad: &#8211;&hellip;<\/p>\n","category_list":"","author_info":{"name":"Aphex Team","url":"https:\/\/nomini.bet\/?author=3"},"comments_num":"0 comments","yoast_head":"<!-- This site is optimized with the Yoast SEO plugin v22.8 - https:\/\/yoast.com\/wordpress\/plugins\/seo\/ -->\n<title>Turnieje w Kasynie Nomini | Przewodnik<\/title>\n<meta name=\"description\" content=\"Przeczytaj nasz przewodnik po turniejach w Kasynie Nomini i do\u0142\u0105cz do rywalizacji o wspania\u0142e nagrody!\" \/>\n<meta name=\"robots\" content=\"index, follow, max-snippet:-1, max-image-preview:large, max-video-preview:-1\" \/>\n<link rel=\"canonical\" href=\"https:\/\/nomini.bet\/?page_id=178\" \/>\n<meta property=\"og:locale\" content=\"pl_PL\" \/>\n<meta property=\"og:type\" content=\"article\" \/>\n<meta property=\"og:title\" content=\"Turnieje w Kasynie Nomini | Przewodnik\" \/>\n<meta property=\"og:description\" content=\"Przeczytaj nasz przewodnik po turniejach w Kasynie Nomini i do\u0142\u0105cz do rywalizacji o wspania\u0142e nagrody!\" \/>\n<meta property=\"og:url\" content=\"https:\/\/nomini.bet\/?page_id=178\" \/>\n<meta property=\"og:site_name\" content=\"Nomini\" \/>\n<meta property=\"article:modified_time\" content=\"2024-06-11T09:57:45+00:00\" \/>\n<meta property=\"og:image\" content=\"https:\/\/nomini.bet\/wp-content\/uploads\/2024\/06\/pikaso_texttoimage_3d-model-Casino-Tournaments-figure-octane-render-v-2.jpeg\" \/>\n<meta name=\"twitter:card\" content=\"summary_large_image\" \/>\n<meta name=\"twitter:label1\" content=\"Est. reading time\" \/>\n\t<meta name=\"twitter:data1\" content=\"3 minutes\" \/>\n<script type=\"application\/ld+json\" class=\"yoast-schema-graph\">{\"@context\":\"https:\/\/schema.org\",\"@graph\":[{\"@type\":\"WebPage\",\"@id\":\"https:\/\/nomini.bet\/?page_id=178\",\"url\":\"https:\/\/nomini.bet\/?page_id=178\",\"name\":\"Turnieje w Kasynie Nomini | Przewodnik\",\"isPartOf\":{\"@id\":\"https:\/\/nomini.bet\/#website\"},\"primaryImageOfPage\":{\"@id\":\"https:\/\/nomini.bet\/?page_id=178#primaryimage\"},\"image\":{\"@id\":\"https:\/\/nomini.bet\/?page_id=178#primaryimage\"},\"thumbnailUrl\":\"https:\/\/nomini.bet\/wp-content\/uploads\/2024\/06\/pikaso_texttoimage_3d-model-Casino-Tournaments-figure-octane-render-v-2.jpeg\",\"datePublished\":\"2024-04-30T11:46:22+00:00\",\"dateModified\":\"2024-06-11T09:57:45+00:00\",\"description\":\"Przeczytaj nasz przewodnik po turniejach w Kasynie Nomini i do\u0142\u0105cz do rywalizacji o wspania\u0142e nagrody!\",\"breadcrumb\":{\"@id\":\"https:\/\/nomini.bet\/?page_id=178#breadcrumb\"},\"inLanguage\":\"pl-PL\",\"potentialAction\":[{\"@type\":\"ReadAction\",\"target\":[\"https:\/\/nomini.bet\/?page_id=178\"]}]},{\"@type\":\"ImageObject\",\"inLanguage\":\"pl-PL\",\"@id\":\"https:\/\/nomini.bet\/?page_id=178#primaryimage\",\"url\":\"https:\/\/nomini.bet\/wp-content\/uploads\/2024\/06\/pikaso_texttoimage_3d-model-Casino-Tournaments-figure-octane-render-v-2.jpeg\",\"contentUrl\":\"https:\/\/nomini.bet\/wp-content\/uploads\/2024\/06\/pikaso_texttoimage_3d-model-Casino-Tournaments-figure-octane-render-v-2.jpeg\",\"width\":1216,\"height\":832},{\"@type\":\"BreadcrumbList\",\"@id\":\"https:\/\/nomini.bet\/?page_id=178#breadcrumb\",\"itemListElement\":[{\"@type\":\"ListItem\",\"position\":1,\"name\":\"Home\",\"item\":\"https:\/\/nomini.bet\/\"},{\"@type\":\"ListItem\",\"position\":2,\"name\":\"Turnieje w Kasynie Nomini: Kompleksowy Przewodnik\"}]},{\"@type\":\"WebSite\",\"@id\":\"https:\/\/nomini.bet\/#website\",\"url\":\"https:\/\/nomini.bet\/\",\"name\":\"Nomini\",\"description\":\"\",\"publisher\":{\"@id\":\"https:\/\/nomini.bet\/#organization\"},\"potentialAction\":[{\"@type\":\"SearchAction\",\"target\":{\"@type\":\"EntryPoint\",\"urlTemplate\":\"https:\/\/nomini.bet\/?s={search_term_string}\"},\"query-input\":\"required name=search_term_string\"}],\"inLanguage\":\"pl-PL\"},{\"@type\":\"Organization\",\"@id\":\"https:\/\/nomini.bet\/#organization\",\"name\":\"Nomini\",\"url\":\"https:\/\/nomini.bet\/\",\"logo\":{\"@type\":\"ImageObject\",\"inLanguage\":\"pl-PL\",\"@id\":\"https:\/\/nomini.bet\/#\/schema\/logo\/image\/\",\"url\":\"https:\/\/nomini.bet\/wp-content\/uploads\/2024\/04\/nomini-casino-logo-transparent-160x54.png.webp\",\"contentUrl\":\"https:\/\/nomini.bet\/wp-content\/uploads\/2024\/04\/nomini-casino-logo-transparent-160x54.png.webp\",\"width\":160,\"height\":54,\"caption\":\"Nomini\"},\"image\":{\"@id\":\"https:\/\/nomini.bet\/#\/schema\/logo\/image\/\"}}]}<\/script>\n<!-- \/ Yoast SEO plugin. -->","yoast_head_json":{"title":"Turnieje w Kasynie Nomini | Przewodnik","description":"Przeczytaj nasz przewodnik po turniejach w Kasynie Nomini i do\u0142\u0105cz do rywalizacji o wspania\u0142e nagrody!","robots":{"index":"index","follow":"follow","max-snippet":"max-snippet:-1","max-image-preview":"max-image-preview:large","max-video-preview":"max-video-preview:-1"},"canonical":"https:\/\/nomini.bet\/?page_id=178","og_locale":"pl_PL","og_type":"article","og_title":"Turnieje w Kasynie Nomini | Przewodnik","og_description":"Przeczytaj nasz przewodnik po turniejach w Kasynie Nomini i do\u0142\u0105cz do rywalizacji o wspania\u0142e nagrody!","og_url":"https:\/\/nomini.bet\/?page_id=178","og_site_name":"Nomini","article_modified_time":"2024-06-11T09:57:45+00:00","og_image":[{"url":"https:\/\/nomini.bet\/wp-content\/uploads\/2024\/06\/pikaso_texttoimage_3d-model-Casino-Tournaments-figure-octane-render-v-2.jpeg"}],"twitter_card":"summary_large_image","twitter_misc":{"Est. reading time":"3 minutes"},"schema":{"@context":"https:\/\/schema.org","@graph":[{"@type":"WebPage","@id":"https:\/\/nomini.bet\/?page_id=178","url":"https:\/\/nomini.bet\/?page_id=178","name":"Turnieje w Kasynie Nomini | Przewodnik","isPartOf":{"@id":"https:\/\/nomini.bet\/#website"},"primaryImageOfPage":{"@id":"https:\/\/nomini.bet\/?page_id=178#primaryimage"},"image":{"@id":"https:\/\/nomini.bet\/?page_id=178#primaryimage"},"thumbnailUrl":"https:\/\/nomini.bet\/wp-content\/uploads\/2024\/06\/pikaso_texttoimage_3d-model-Casino-Tournaments-figure-octane-render-v-2.jpeg","datePublished":"2024-04-30T11:46:22+00:00","dateModified":"2024-06-11T09:57:45+00:00","description":"Przeczytaj nasz przewodnik po turniejach w Kasynie Nomini i do\u0142\u0105cz do rywalizacji o wspania\u0142e nagrody!","breadcrumb":{"@id":"https:\/\/nomini.bet\/?page_id=178#breadcrumb"},"inLanguage":"pl-PL","potentialAction":[{"@type":"ReadAction","target":["https:\/\/nomini.bet\/?page_id=178"]}]},{"@type":"ImageObject","inLanguage":"pl-PL","@id":"https:\/\/nomini.bet\/?page_id=178#primaryimage","url":"https:\/\/nomini.bet\/wp-content\/uploads\/2024\/06\/pikaso_texttoimage_3d-model-Casino-Tournaments-figure-octane-render-v-2.jpeg","contentUrl":"https:\/\/nomini.bet\/wp-content\/uploads\/2024\/06\/pikaso_texttoimage_3d-model-Casino-Tournaments-figure-octane-render-v-2.jpeg","width":1216,"height":832},{"@type":"BreadcrumbList","@id":"https:\/\/nomini.bet\/?page_id=178#breadcrumb","itemListElement":[{"@type":"ListItem","position":1,"name":"Home","item":"https:\/\/nomini.bet\/"},{"@type":"ListItem","position":2,"name":"Turnieje w Kasynie Nomini: Kompleksowy Przewodnik"}]},{"@type":"WebSite","@id":"https:\/\/nomini.bet\/#website","url":"https:\/\/nomini.bet\/","name":"Nomini","description":"","publisher":{"@id":"https:\/\/nomini.bet\/#organization"},"potentialAction":[{"@type":"SearchAction","target":{"@type":"EntryPoint","urlTemplate":"https:\/\/nomini.bet\/?s={search_term_string}"},"query-input":"required name=search_term_string"}],"inLanguage":"pl-PL"},{"@type":"Organization","@id":"https:\/\/nomini.bet\/#organization","name":"Nomini","url":"https:\/\/nomini.bet\/","logo":{"@type":"ImageObject","inLanguage":"pl-PL","@id":"https:\/\/nomini.bet\/#\/schema\/logo\/image\/","url":"https:\/\/nomini.bet\/wp-content\/uploads\/2024\/04\/nomini-casino-logo-transparent-160x54.png.webp","contentUrl":"https:\/\/nomini.bet\/wp-content\/uploads\/2024\/04\/nomini-casino-logo-transparent-160x54.png.webp","width":160,"height":54,"caption":"Nomini"},"image":{"@id":"https:\/\/nomini.bet\/#\/schema\/logo\/image\/"}}]}},"_links":{"self":[{"href":"https:\/\/nomini.bet\/index.php?rest_route=\/wp\/v2\/pages\/178","targetHints":{"allow":["GET"]}}],"collection":[{"href":"https:\/\/nomini.bet\/index.php?rest_route=\/wp\/v2\/pages"}],"about":[{"href":"https:\/\/nomini.bet\/index.php?rest_route=\/wp\/v2\/types\/page"}],"author":[{"embeddable":true,"href":"https:\/\/nomini.bet\/index.php?rest_route=\/wp\/v2\/users\/3"}],"replies":[{"embeddable":true,"href":"https:\/\/nomini.bet\/index.php?rest_route=%2Fwp%2Fv2%2Fcomments&post=178"}],"version-history":[{"count":0,"href":"https:\/\/nomini.bet\/index.php?rest_route=\/wp\/v2\/pages\/178\/revisions"}],"wp:attachment":[{"href":"https:\/\/nomini.bet\/index.php?rest_route=%2Fwp%2Fv2%2Fmedia&parent=178"}],"curies":[{"name":"wp","href":"https:\/\/api.w.org\/{rel}","templated":true}]}}